What is the ten millions digit of 5145889156?
4
What is the ten thousands digit of 331730454?
3
What is the hundreds digit of 259599792?
7
What is the units digit of 112120623?
3
What is the units digit of 48054967?
7
What is the millions digit of 8686282813?
6
What is the millions digit of 1492257492?
2
What is the ten thousands digit of 3265138848?
3
What is the units digit of 844478166?
6
What is the hundred thousands digit of 40991548?
9
What is the tens digit of 1745419017?
1
What is the tens digit of 765701985?
8
What is the units digit of 57611795?
5
What is the hundred millions digit of 583820649?
5
What is the units digit of 4722571745?
5
What is the millions digit of 9457477?
9
What is the ten thousands digit of 144264155?
6
What is the hundreds digit of 256398475?
4
What is the ten thousands digit of 97024925?
2
What is the hundred millions digit of 894224840?
8
What is the hundred thousands digit of 512698224?
6
What is the millions digit of 218839253?
8
What is the millions digit of 211668946?
1
What is the hundreds digit of 180144123?
1
What is the hundred millions digit of 294780511?
2
What is the units digit of 196039025?
5
What is the ten millions digit of 21814233?
2
What is the ten millions digit of 151344124?
5
What is the millions digit of 370917304?
0
What is the tens digit of 332723577?
7
What is the tens digit of 5414913935?
3
What is the hundred millions digit of 1975543165?
9
What is the tens digit of 980430476?
7
What is the tens digit of 76706510?
1
What is the ten millions digit of 375181267?
7
What is the thousands digit of 50500751?
0
What is the millions digit of 3382772771?
2
What is the thousands digit of 1067963956?
3
What is the millions digit of 343701873?
3
What is the hundreds digit of 4090110401?
4
What is the ten thousands digit of 4641436?
4
What is the millions digit of 448034944?
8
What is the hundreds digit of 2833407940?
9
What is the ten thousands digit of 438466203?
6
What is the tens digit of 1534581357?
5
What is the billions digit of 2230553393?
2
What is the units digit of 90131663?
3
What is the tens digit of 1459406499?
9
What is the ten millions digit of 381046431?
8
What is the thousands digit of 62563398?
3
What is the ten thousands digit of 27404191?
0
What is the ten thousands digit of 29634196?
3
What is the millions digit of 1048339854?
8
What is the hundred thousands digit of 27811502?
8
What is the millions digit of 265591534?
5
What is the ten thousands digit of 555580325?
8
What is the ten thousands digit of 558752989?
5
What is the hundred millions digit of 8060742291?
0
What is the millions digit of 1982730133?
2
What is the hundred millions digit of 215940237?
2
What is the thousands digit of 4014173354?
3
What is the hundred millions digit of 3220403378?
2
What is the units digit of 29942348?
8
What is the hundreds digit of 27168880?
8
What is the tens digit of 115937257?
5
What is the hundreds digit of 379232728?
7
What is the hundreds digit of 1400426933?
9
What is the hundred millions digit of 156027144?
1
What is the units digit of 359302130?
0
What is the hundred thousands digit of 7490735?
4
What is the millions digit of 23023528?
3
What is the thousands digit of 1920804678?
4
What is the ten thousands digit of 13542502?
4
What is the millions digit of 1412484597?
2
What is the hundred thousands digit of 302327812?
3
What is the ten thousands digit of 2672543580?
4
What is the tens digit of 105587699?
9
What is the tens digit of 896316316?
1
What is the ten thousands digit of 1677726856?
2
What is the thousands digit of 660335752?
5
What is the millions digit of 35578605?
5
What is the hundred millions digit of 478018171?
4
What is the units digit of 1117049791?
1
What is the units digit of 24758535?
5
What is the hundreds digit of 105866803?
8
What is the millions digit of 174225859?
4
What is the units digit of 46340867?
7
What is the millions digit of 17143853?
7
What is the billions digit of 1702902551?
1
What is the ten thousands digit of 1112757017?
5
What is the thousands digit of 2882193?
2
What is the millions digit of 244896829?
4
What is the ten thousands digit of 38391077?
9
What is the ten thousands digit of 97088547?
8
What is the millions digit of 629101288?
9
What is the ten millions digit of 1076607518?
7
What is the ten millions digit of 45521113?
4
What is the ten millions digit of 22802354?
2
What is the ten millions digit of 180465373?
8
What is the ten millions digit of 63501819?
6
What is the tens digit of 171722843?
4
What is the hundred thousands digit of 135228828?
2
What is the hundred thousands digit of 693241?
6
What is the ten thousands digit of 5219728?
1
What is the tens digit of 446876347?
4
What is the hundreds digit of 2010011868?
8
What is the thousands digit of 146195592?
5
What is the tens digit of 5295786?
8
What is the hundred millions digit of 249191732?
2
What is the tens digit of 74769446?
4
What is the tens digit of 1313323308?
0
What is the hundred thousands digit of 81867436?
8
What is the thousands digit of 10030032?
0
What is the units digit of 185806963?
3
What is the ten thousands digit of 111756899?
5
What is the hundred thousands digit of 205065396?
0
What is the thousands digit of 219983830?
3
What is the ten thousands digit of 46162969?
6
What is the thousands digit of 121801184?
1
What is the tens digit of 2357455645?
4
What is the hundred millions digit of 2817399155?
8
What is the units digit of 89794324?
4
What is the tens digit of 858191938?
3
What is the tens digit of 414887996?
9
What is the millions digit of 22727305?
2
What is the thousands digit of 741611932?
1
What is the ten thousands digit of 149263273?
6
What is the hundred thousands digit of 85497112?
4
What is the millions digit of 22347296?
2
What is the tens digit of 5459974105?
0
What is the hundred millions digit of 103158840?
1
What is the ten millions digit of 327807982?
2
What is the thousands digit of 96036990?
6
What is the hundred millions digit of 2411825438?
4
What is the hundreds digit of 1442716934?
9
What is the ten thousands digit of 46544988?
4
What is the tens digit of 1561375415?
1
What is the millions digit of 52025271?
2
What is the hundred thousands digit of 109740091?
7
What is the hundred thousands digit of 70904977?
9
What is the ten millions digit of 26937095?
2
What is the ten millions digit of 106057723?
0
What is the hundred thousands digit of 469641503?
6
What is the ten millions digit of 51327216?
5
What is the ten millions digit of 493446230?
9
What is the ten millions digit of 37860358?
3
What is the thousands digit of 25001727?
1
What is the hundreds digit of 976476327?
3
What is the ten thousands digit of 68300131?
0
What is the hundreds digit of 33552249?
2
What is the millions digit of 1173087135?
3
What is the thousands digit of 180634184?
4
What is the hundreds digit of 49670983?
9
What is the hundreds digit of 1477888156?
1
What is the ten millions digit of 88106723?
8
What is the hundred thousands digit of 4867446994?
4
What is the millions digit of 51098382?
1
What is the hundred thousands digit of 13513257?
5
What is the thousands digit of 206029912?
9
What is the hundred thousands digit of 6671882?
6
What is the units digit of 3508923859?
9
What is the thousands digit of 1852971320?
1
What is the hundred millions digit of 2350723255?
3
What is the ten thousands digit of 39308476?
0
What is the ten millions digit of 21619598?
2
What is the millions digit of 589539380?
9
What is the billions digit of 1188203511?
1
What is the thousands digit of 737671874?
1
What is the units digit of 18787980?
0
What is the hundred millions digit of 503128587?
5
What is the millions digit of 67975752?
7
What is the ten thousands digit of 647580824?
8
What is the tens digit of 22258637?
3
What is the thousands digit of 66041226?
1
What is the hundreds digit of 25357576?
5
What is the tens digit of 28381349?
4
What is the hundred thousands digit of 1143920769?
9
What is the ten thousands digit of 248463248?
6
What is the hundreds digit of 194376401?
4
What is the hundred millions digit of 1457371784?
4
What is the billions digit of 3032482609?
3
What is the units digit of 301032762?
2
What is the ten millions digit of 67518